hat are the prime factors of 18657970?
2, 5, 31, 139, 433
List the prime factors of 3935751.
3, 1311917
What are the prime factors of 1357109?
13, 104393
What are the prime factors of 238147?
7, 13, 2617
What are the prime factors of 2640155?
5, 7, 241, 313
What are the prime factors of 50594?
2, 41, 617
What are the prime factors of 1873222?
2, 13, 72047
What are the prime factors of 18711772?
2, 4677943
List the prime factors of 283850.
2, 5, 7, 811
What are the prime factors of 1271517?
3, 13, 32603
What are the prime factors of 118407?
3, 29, 1361
List the prime factors of 3789235.
5, 53, 79, 181
What are the prime factors of 271668?
2, 3, 22639
List the prime factors of 12689514.
2, 3, 17, 23, 601
List the prime factors of 112746.
2, 3, 19, 23, 43
What are the prime factors of 1257516?
2, 3, 13, 2687
What are the prime factors of 1011319?
59, 61, 281
What are the prime factors of 25882?
2, 12941
What are the prime factors of 456726?
2, 3, 163, 467
List the prime factors of 385401.
3, 128467
List the prime factors of 37716695.
5, 1193, 6323
What are the prime factors of 3859468?
2, 67, 14401
List the prime factors of 126760.
2, 5, 3169
What are the prime factors of 22027199?
22027199
List the prime factors of 2313690.
2, 3, 5, 233, 331
List the prime factors of 652940.
2, 5, 32647
What are the prime factors of 212536?
2, 31, 857
What are the prime factors of 38946?
2, 3, 6491
List the prime factors of 14405236.
2, 73, 49333
What are the prime factors of 70387?
59, 1193
What are the prime factors of 322823?
53, 6091
What are the prime factors of 176416?
2, 37, 149
What are the prime factors of 18022507?
19, 79, 12007
List the prime factors of 584956.
2, 146239
What are the prime factors of 1452947?
1452947
What are the prime factors of 28832467?
29, 523, 1901
What are the prime factors of 55026?
2, 3, 1019
What are the prime factors of 7163837?
191, 37507
List the prime factors of 1095328.
2, 13, 2633
What are the prime factors of 2402220?
2, 3, 5, 40037
List the prime factors of 443711.
443711
What are the prime factors of 12254991?
3, 7, 601, 971
List the prime factors of 594893.
13, 67, 683
List the prime factors of 402625.
5, 3221
What are the prime factors of 190708?
2, 7, 139
What are the prime factors of 344303?
139, 2477
What are the prime factors of 774786?
2, 3, 139, 929
What are the prime factors of 323733?
3, 31, 59
What are the prime factors of 20261543?
19, 523, 2039
List the prime factors of 275010.
2, 3, 5, 89, 103
List the prime factors of 5654353.
17, 131, 2539
What are the prime factors of 856255?
5, 171251
List the prime factors of 1651932.
2, 3, 45887
What are the prime factors of 1867097?
1259, 1483
List the prime factors of 8175524.
2, 7, 291983
What are the prime factors of 9089862?
2, 3, 743, 2039
List the prime factors of 5718633.
3, 1906211
List the prime factors of 1870123.
29, 59, 1093
What are the prime factors of 186795?
3, 5, 7, 593
List the prime factors of 384801.
3, 29, 4423
What are the prime factors of 401423?
11, 36493
What are the prime factors of 548555?
5, 7, 2239
List the prime factors of 49484.
2, 89, 139
List the prime factors of 194559.
3, 64853
List the prime factors of 7997761.
929, 8609
List the prime factors of 1132634.
2, 229, 2473
List the prime factors of 8765765.
5, 43, 40771
List the prime factors of 30637790.
2, 5, 83, 36913
What are the prime factors of 166413?
3, 13, 17, 251
List the prime factors of 1037817.
3, 11, 953
What are the prime factors of 10779817?
181, 59557
List the prime factors of 347673.
3, 115891
List the prime factors of 724819.
727, 997
What are the prime factors of 366339?
3, 19, 6427
List the prime factors of 1622563.
71, 22853
List the prime factors of 906333.
3, 302111
What are the prime factors of 300086?
2, 19, 53, 149
List the prime factors of 338040.
2, 3, 5, 313
What are the prime factors of 719790?
2, 3, 5, 23993
What are the prime factors of 235508?
2, 7, 13, 647
List the prime factors of 1116329.
1116329
List the prime factors of 5805359.
7, 223, 3719
List the prime factors of 283896.
2, 3, 3943
What are the prime factors of 663317?
29, 89, 257
List the prime factors of 3517799.
3517799
List the prime factors of 1580292.
2, 3, 7, 6271
What are the prime factors of 813030?
2, 3, 5, 41, 661
List the prime factors of 1368814.
2, 684407
List the prime factors of 323798.
2, 19, 8521
List the prime factors of 20100594.
2, 3, 19, 176321
What are the prime factors of 93136?
2, 5821
List the prime factors of 4711124.
2, 11, 107071
What are the prime factors of 10625425?
5, 17, 23, 1087
What are the prime factors of 2318906?
2, 23, 50411
List the prime factors of 501446.
2, 11, 23, 991
List the prime factors of 393893.
67, 5879
List the prime factors of 724401.
3, 80489
List the prime factors of 5088192.
2, 3, 26501
What are the prime factors of 2622790?
2, 5, 353, 743
List the prime factors of 42750.
2, 3, 5, 19
What are the prime factors of 6295331?
7, 251, 3583
List the prime factors of 132329.
132329
List the prime factors of 61277.
29, 2113
What are the prime factors of 1796946?
2, 3, 31, 9661
List the prime factors of 1814752.
2, 56711
List the prime factors of 12066201.
3, 7, 27361
List the prime factors of 1414508.
2, 353627
What are the prime factors of 1779?
3, 593
What are the prime factors of 9411728?
2, 103, 5711
What are the prime factors of 21415?
5, 4283
What are the prime factors of 395138?
2, 197569
List the prime factors of 12853653.
3, 4284551
List the prime factors of 35915566.
2, 17957783
What are the prime factors of 9217615?
5, 11, 167593
List the prime factors of 94041.
3, 43
What are the prime factors of 11297?
11, 13, 79
What are the prime factors of 9695363?
233, 41611
What are the prime factors of 28622476?
2, 1723, 4153
What are the prime factors of 12173111?
31, 37, 10613
List the prime factors of 26707.
17, 1571
What are the prime factors of 20557?
61, 337
What are the prime factors of 7412435?
5, 1482487
What are the prime factors of 1097466?
2, 3, 101, 1811
List the prime factors of 6159506.
2, 3079753
List the prime factors of 8318345.
5, 7, 271, 877
List the prime factors of 20443.
20443
List the prime factors of 1832580.
2, 3, 5, 10181
What are the prime factors of 463294?
2, 13, 103, 173
List the prime factors of 7478339.
11, 67, 73, 139
List the prime factors of 8491880.
2, 5, 212297
What are the prime factors of 165707?
165707
List the prime factors of 2025271.
137, 14783
What are the prime factors of 177153?
3, 59051
What are the prime factors of 16614725?
5, 664589
List the prime factors of 216569.
216569
What are the prime factors of 365184?
2, 3, 317
What are the prime factors of 1169037?
3, 129893
List the prime factors of 4930845.
3, 5, 271, 1213
What are the prime factors of 21679083?
3, 267643
What are the prime factors of 453476?
2, 73, 1553
List the prime factors of 2239504.
2, 139969
What are the prime factors of 16745?
5, 17, 197
What are the prime factors of 786892?
2, 127, 1549
What are the prime factors of 2802757?
23, 233, 523
List the prime factors of 190025.
5, 11, 691
List the prime factors of 4618734.
2, 3, 769789
List the prime factors of 2402019.
3, 266891
List the prime factors of 7477346.
2, 23, 53, 3067
List the prime factors of 284553.
3, 1171
List the prime factors of 15554483.
7, 19, 107, 1093
What are the prime factors of 7710379?
239, 32261
What are the prime factors of 10397746?
2, 5198873
What are the prime factors of 32966233?
32966233
List the prime factors of 663125.
5, 1061
What are the prime factors of 476528?
2, 13, 29, 79
What are the prime factors of 2025433?
487, 4159
List the prime factors of 622570.
2, 5, 13, 4789
List the prime factors of 3906798.
2, 3, 7, 167, 557
What are the prime factors of 3653831?
3653831
What are the prime factors of 197630?
2, 5, 19763
What are the prime factors of 3204765?
3, 5, 41, 193
What are the prime factors of 16986?
2, 3, 19, 149
List the prime factors of 786100.
2, 5, 7, 1123
List the prime factors of 18755239.
18755239
What are the prime factors of 617807?
67, 9221
What are the prime factors of 2168951?
2168951
List the prime factors of 126370.
2, 5, 12637
What are the prime factors of 464529?
3, 13, 43, 277
What are the prime factors of 4798